f - 404. Calculate p(-5).
981
Let i(o) = 60*o + 257. What is i(-6)?
-103
Let m(j) = -4*j - 4. Calculate m(-14).
52
Let r(j) = -312*j - 1484. Determine r(-5).
76
Let n(i) = 9*i**2 + 190*i + 19. Calculate n(0).
19
Let k(d) = -d**3 + 16*d**2 - 36*d + 248. Determine k(15).
-67
Let p(u) = u**3 - 61*u**2 + 716*u + 66. Give p(16).
2
Let w(m) = -4*m**2 - 74*m + 15. What is w(-19)?
-23
Let w(k) = 389*k + 417. Determine w(-1).
28
Let p(u) = -936*u - 26228. What is p(-28)?
-20
Let k(q) = 42*q**2 - 3*q - 10. Calculate k(-2).
164
Let t(f) = f**3 - 91*f**2 - 188*f + 140. Determine t(93).
-46
Let j(y) = 821*y - 1700. Calculate j(2).
-58
Let q(y) = 2*y**2 - 24*y - 71. Give q(15).
19
Let p(n) = 31*n**2 + 78*n - 152. Determine p(2).
128
Let r(o) = o**2 - o - 36. Give r(9).
36
Let o(d) = -2*d**2 + 38*d - 105. Give o(20).
-145
Let b(m) = -m**3 - 48*m**2 - 8*m - 264. Give b(-48).
120
Let y(v) = -101*v + 244. Determine y(7).
-463
Let f(x) = -x**2 + 25*x - 107. Determine f(6).
7
Let i(j) = -8*j**2 - 67*j + 134. What is i(2)?
-32
Let z(w) = -2*w**3 - 87*w**2 + 105*w + 2680. Give z(-44).
-4
Let s(j) = j**2 + 22*j - 381. What is s(-33)?
-18
Let h(t) = 5*t**2 - 7*t + 11. What is h(6)?
149
Let a(l) = l**3 - l**2 - 17*l + 40. Give a(3).
7
Let y(j) = 2*j**3 + 57*j**2 + 21*j - 204. What is y(-28)?
-8
Let s(i) = -i**3 + 43*i**2 + 5*i - 167. Give s(43).
48
Let i(r) = r**3 + 11*r**2 - 39*r - 64. Determine i(-15).
-379
Let h(l) = 588*l + 1060. Give h(-2).
-116
Let j(p) = 2*p**3 - 90*p**2 - 276*p - 582. Determine j(48).
-6
Let i(z) = -6*z**2 - 73*z - 58. Give i(-11).
19
Let d(i) = -2*i**3 - 123*i**2 + 84*i + 1359. Determine d(-62).
-5
Let y(t) = -276*t - 3444. Calculate y(-12).
-132
Let g(v) = -v**2 - 448*v + 1355. What is g(3)?
2
Let q(g) = -58*g**3 + 5*g**2 + 8*g + 2. What is q(-1)?
57
Let t(y) = y**3 + 3*y**2 - 420*y - 51. Determine t(-22).
-7
Let j(q) = -q**2 - 98*q - 1620. Give j(-21).
-3
Let x(o) = -2*o**3 + 43*o**2 + 43*o + 192. What is x(22)?
654
Let u(k) = -k**2 - 4520*k - 36089. Give u(-8).
7
Let p(d) = -d**3 + 46*d**2 + 21*d - 325. Calculate p(46).
641
Let b(z) = z**3 - 4*z**2 - 76*z + 4. Calculate b(-7).
-3
Let p(z) = -2*z**2 - 1009*z - 21233. Give p(-22).
-3
Let u(k) = -6*k**2 + 120*k - 3. Calculate u(20).
-3
Let j(x) = -258*x**2 + 777*x + 4. Calculate j(3).
13
Let x(n) = n**2 + 2*n - 54. Give x(6).
-6
Let w(b) = 42*b**2 + 329*b + 12. Calculate w(-8).
68
Let g(u) = -167*u - 14190. What is g(-85)?
5
Let q(m) = 51*m**3 + 16*m**2 + 9*m + 4. Determine q(-2).
-358
Let b(k) = 3*k**2 + 92*k + 41. Give b(-30).
-19
Let h(a) = -a**3 + 65*a**2 - 4*a + 257. Give h(65).
-3
Let y(o) = -o**3 + 15*o**2 + 127*o + 14. Give y(-6).
8
Let v(q) = -86*q**3 - 3*q**2 - 7*q + 19. Give v(2).
-695
Let l(y) = -2*y**2 - 27*y + 18. Give l(-20).
-242
Let g(x) = 6*x + 126. Give g(-25).
-24
Let v(a) = -3*a**2 - 107*a - 164. What is v(-34)?
6
Let m(h) = 18*h - 34. What is m(20)?
326
Let b(d) = -42*d - 45. Determine b(6).
-297
Let w(t) = t**3 - t**2 + t - 255. What is w(0)?
-255
Let p(o) = 588*o + 2414. Calculate p(-4).
62
Let k(b) = 6*b**3 + 38*b**2 - 79*b + 7. Give k(2).
49
Let k(t) = -179*t - 18070. Give k(-101).
9
Let d(o) = o**2 - 151*o + 5439. Calculate d(93).
45
Let b(w) = -4*w + 199. What is b(46)?
15
Let o(u) = u**3 - 8*u**2 - 16*u + 4. Calculate o(0).
4
Let l(u) = -10*u**2 + 552*u + 18. Determine l(56).
-430
Let h(o) = o**3 + 101*o**2 + 1297*o + 620. Determine h(-86).
18
Let n(z) = z**3 - 11*z**2 + 14*z - 52. Give n(10).
-12
Let p(k) = 114*k + 1374. What is p(-12)?
6
Let z(i) = 2*i**2 + 79*i + 760. What is z(-17)?
-5
Let t(x) = 1610*x + 16081. What is t(-10)?
-19
Let a(l) = 6*l**3 + 31*l**2 + 17*l + 58. What is a(-5)?
-2
Let c(q) = q**2 - 104*q - 1780. What is c(-15)?
5
Let b(v) = v**3 + 10*v**2 + 17*v + 29. Calculate b(0).
29
Let v(f) = -54*f**2 + 29*f - 3. What is v(2)?
-161
Let j(d) = -7101*d - 85209. What is j(-12)?
3
Let t(l) = -7*l**2 + 810*l - 3869. Give t(5).
6
Let z(y) = -47*y - 3671. Give z(-78).
-5
Let d(t) = -2*t**2 + 96*t + 533. Calculate d(53).
3
Let s(q) = -q**2 - 18*q + 651. Give s(-36).
3
Let y(g) = 3*g**3 - 11*g**2 + 11*g - 44. Give y(4).
16
Let i(o) = -o**2 + 37*o - 179. Determine i(32).
-19
Let k(s) = -85*s - 462. Give k(-6).
48
Let x(c) = -25*c**2 + 77*c - 2. Calculate x(3).
4
Let d(k) = 29*k**2 + 303*k + 4. Calculate d(-10).
-126
Let u(v) = -97*v - 1708. What is u(-19)?
135
Let o(h) = -h**3 - 13*h**2 - 71. Give o(-14).
125
Let t(i) = -75*i - 1328. Calculate t(-18).
22
Let l(r) = -527*r + 6853. Calculate l(13).
2
Let l(q) = 3*q**2 - 19*q + 35. Determine l(7).
49
Let i(y) = -2*y**2 + 10*y - 296. Calculate i(13).
-504
Let y(l) = l**3 - 42*l**2 + 397*l - 109. What is y(14)?
-39
Let w(x) = -10*x**2 + 557*x + 184. Give w(56).
16
Let l(s) = 3*s**2 + 346*s - 1497. Calculate l(-120).
183
Let g(a) = 845*a - 54924. Calculate g(65).
1
Let g(o) = -8*o**2 - 605*o - 124. What is g(-75)?
251
Let i(a) = -1276*a + 3831. Determine i(3).
3
Let q(y) = 23*y**2 - 667*y + 14. Give q(29).
14
Let n(q) = -5*q**3 - 5*q**2 + 6*q - 3. Give n(2).
-51
Let m(k) = -49*k - 74. Calculate m(10).
-564
Let r(q) = -q**2 - 84*q - 1706. Determine r(-50).
-6
Let q(p) = 26423*p - 105696. Calculate q(4).
-4
Let h(g) = -g**2 - 384*g - 1885. Give h(-5).
10
Let v(b) = -b**2 + 172*b + 2607. Determine v(-14).
3
Let v(b) = -b**3 - 32*b**2 - 90*b - 2837. Calculate v(-32).
43
Let b(u) = 120*u + 12. Determine b(-1).
-108
Let u(i) = 86*i + 335. Calculate u(-4).
-9
Let a(v) = -869*v - 16525. What is a(-19)?
-14
Let i(a) = -21*a + 56. What is i(-7)?
203
Let j(o) = -349*o + 1281. Give j(3).
234
Let l(g) = g**3 - 18*g**2 - 118*g + 28. Calculate l(-5).
43
Let b(f) = -3*f**3 + 20*f**2 - 16*f + 20. Determine b(6).
-4
Let z(d) = 370*d + 4348. Determine z(-11).
278
Let x(g) = g**2 - 66*g + 930. Give x(21).
-15
Let a(c) = -86*c - 15273. What is a(-180)?
207
Let d(x) = -274*x**2 + 320*x - 319. What is d(1)?
-273
Let j(z) = 446*z - 5785. What is j(13)?
13
Let j(r) = -r**3 - 136*r**2 - 127*r + 1043. Determine j(-135).
-37
Let p(t) = t**2 - 47*t + 150. Calculate p(0).
150
Let v(x) = -x**3 + 30*x**2 - 127*x - 5. Calculate v(25).
-55
Let c(l) = -32*l + 3338. Determine c(104).
10
Let l(t) = -3*t**2 + 4*t - 3. What is l(-7)?
-178
Let y(w) = -281*w - 559. What is y(-2)?
3
Let c(v) = -v**2 - 45*v - 405. Determine c(-21).
99
Let p(w) = 2*w**3 + 8*w**2 + 18*w + 18. Determine p(-2).
-2
Let c(h) = 2*h**2 - 128*h + 1815. What is c(42)?
-33
Let s(h) = 3*h**3 - 120*h**2 + 13*h + 26. Determine s(40).
546
Let f(a) = a**3 + 165*a**2 + 487*a + 24. What is f(-162)?
-138
Let n(y) = -3*y**3 + 27*y**2 - 71*y + 669. What is n(9)?
30
Let n(m) = -164*m - 5919. What is n(-36)?
-15
Let t(f) = 7*f**2 - 18*f - 218. Give t(7).
-1
Let m(w) = 52*w - 1875. Determine m(36).
-3
Let j(n) = -n**3 + 4*n**2 + 46*n - 2. Give j(-5).
-7
Let y(k) = 9*k**2 - 246*k + 30. Calculate y(27).
-51
Let t(u) = -111*u - 21. Determine t(-1).
90
Let r(l) = 2*l**2 + 121*l + 515. Give r(-56).
11
Let c(j) = 5*j**2 - 430*j + 496. Determine c(85).
71
Let i(j) = 10*j + 907. What is i(-61)?
297
Let z(b) = -b**3 + 3*b**2 + 70*b + 283. Determine z(-4).
115
Let v(g) = 441*g + 3977. Calculate v(-9).
8
Let d(t) = 2273*t + 11362. What is d(-5)?
-3
Let o(u) = -4*u**2 - 163*u + 1334. What is o(7)?
-3
Let a(c) = 2*c**3 - 21*c**2 - 24*c + 140. What is a(11)?
-3
Let v(n) = -n**3 + 56*n**2 - 386*n + 89. Calculate v(48).
-7
Let l(j) = -j**3 - 8*j**2 + 11*j + 44. Determine l(-3).
-34
Let k(b) = 29*b**2 + 191*b + 12. Calculate k(-6).
-90
Let q(i) = 4*i**3 + 18*i**2 - 46*i - 35. Determine q(3).
97
Let l(k) = -63*k + 386. Determine l(7).
-55
Let a(w) = -4*w**3 - 104*w**2 - 4*w + 144. What is a(-26)?
248
Let w(i) = i - 28. Calculate w(-44).
-72
Let d(o) = -o**2 + 12*o - 18. Calculate d(0).
-18
Let c(o) = o**2 + 20*o + 35. Determine c(-6).
-49
Let y(q) = 1928*q + 11583. Calculate y(-6).
15
Let p(a) = -602*a + 4671. Calculate p(8).
-145
Let p(a) = 16*a**2 + 96*a + 15. What is p(-6)?
15
Let s(y) = -12*y + 778. Give s(69).
-50
Let c(v) = v**2 + 12*v + 31. Calculate c(-8).
-1
Let h(d) = 2482*d - 2. Give h(0).
-2
Let n(f) = -f**2 + 333*f + 2717. What is n(-8)?
-11
Let o(f) = -13*f - 347. Give o(-23).
-48
Let u(b) = -2*b**3 + 14*b**2 - 40*b + 686. Calculate u(9).
2
Let z(w) = -3*w**2 - 70*w - 29. What is z(-23)?
-6
Le